 Determine u(-11).
-7
Let o(f) = f**2 - 44*f - 8580. Give o(117).
-39
Let k(v) = v**3 - 22*v**2 - 18*v + 322. What is k(12)?
-1334
Let b(d) = -10581*d - 10506928. Calculate b(-993).
5
Let l(j) = 3165*j**3 - 4*j**2 + 35*j + 40. Calculate l(-1).
-3164
Let u(q) = 3326754*q - 9980252. What is u(3)?
10
Let p(b) = b**3 + 9*b**2 - 135*b + 141. Give p(7).
-20
Let o(i) = -577*i + 6593. Give o(3).
4862
Let q(k) = -25*k**3 + 927*k**2 - 60*k - 540. Determine q(37).
-22
Let c(b) = -2337*b + 137890. Calculate c(59).
7
Let x(h) = -11*h**3 + 52*h**2 - 232*h + 285. Determine x(3).
-240
Let v(k) = -13734*k + 82596. Calculate v(6).
192
Let l(q) = -19*q**3 - 970*q**2 - 41*q + 340. Determine l(-51).
-170
Let x(w) = -2712*w + 8138. Determine x(3).
2
Let o(z) = -z**3 + 95*z**2 - 161*z - 2396. Give o(93).
-71
Let a(k) = -859*k + 42872. Calculate a(51).
-937
Let i(n) = n**3 - 19*n**2 + 18*n + 444. Determine i(16).
-36
Let v(x) = -x**3 - 18*x**2 + 1756*x - 7. Determine v(0).
-7
Let w(g) = -g**2 + 75460*g - 2112106. What is w(28)?
-10
Let x(j) = 76*j**2 + 449*j + 200. Give x(-11).
4457
Let d(w) = 1136*w + 44784. Calculate d(-39).
480
Let p(q) = q**3 + 40*q**2 - 639*q - 470. Give p(-52).
310
Let s(j) = j**3 + 47*j**2 + 373*j + 366. What is s(-8)?
-122
Let a(k) = -k**3 + 117*k**2 - 3388*k - 172. What is a(65)?
-692
Let x(y) = y**3 + 28*y**2 + 37*y - 86. Give x(-26).
304
Let a(t) = t**2 - 2190*t + 172856. Calculate a(82).
0
Let s(b) = 4069*b + 3190110. Calculate s(-784).
14
Let z(j) = -31*j**3 - 2605*j**2 - 89*j - 433. Determine z(-84).
-13
Let o(i) = 30471*i + 30472. What is o(-1)?
1
Let s(w) = 11611*w - 23246. Determine s(2).
-24
Let y(z) = 3*z**3 + 335*z**2 + 534*z - 1699. Determine y(-110).
61
Let j(i) = -19*i**2 + 448*i + 1336. Determine j(-3).
-179
Let l(d) = d**3 + 119*d**2 + 435*d - 285. Give l(-115).
2590
Let x(j) = -1751*j - 5048. Determine x(-3).
205
Let z(b) = -b**2 + 198862*b + 994334. Determine z(-5).
-1
Let c(y) = 1539*y + 8. What is c(0)?
8
Let u(k) = k**2 - 1167*k - 117164. What is u(-93)?
16
Let v(m) = -188*m + 7821. What is v(42)?
-75
Let z(y) = 3*y**2 + 15*y - 1505. Determine z(-40).
2695
Let s(r) = r**2 + 192*r + 7291. What is s(-117)?
-1484
Let s(c) = 230*c + 6858. Give s(-28).
418
Let b(j) = 270995*j - 2167987. Calculate b(8).
-27
Let o(i) = -165986*i + 829924. Calculate o(5).
-6
Let g(x) = x**3 + 31*x**2 + 487*x + 15090. Calculate g(-31).
-7
Let y(f) = -4*f**3 - 3*f**2 + 33*f + 104. What is y(-4)?
180
Let x(l) = 2*l**3 + 75*l**2 + 248*l + 124. Determine x(-3).
1
Let u(g) = 66557*g - 27354925. Give u(411).
2
Let w(t) = -14678*t + 10509446. What is w(716)?
-2
Let q(w) = 2613*w + 14863. Give q(-6).
-815
Let z(w) = 4*w**2 + 19816*w - 79266. Determine z(4).
62
Let t(k) = -5454*k + 348980. What is t(64)?
-76
Let x(r) = -r**2 - 86*r + 50637. Calculate x(-271).
502
Let c(s) = -2*s**3 + 107*s**2 + 14142*s + 316. Calculate c(115).
-29
Let r(b) = 5*b**2 - 377*b - 13191. Determine r(-26).
-9
Let u(d) = 133*d**2 - 5189*d + 112. Give u(39).
34
Let b(p) = 3*p**2 + 2293*p - 83919. Calculate b(35).
11
Let l(y) = 2*y**3 + 12*y**2 - 361*y - 1810. Determine l(-5).
45
Let j(a) = -9850*a - 226335. Determine j(-23).
215
Let o(h) = -h**2 + 2871*h + 178754. Calculate o(-61).
-98
Let b(d) = 142*d - 44476. Calculate b(313).
-30
Let q(r) = 2*r**2 + 72878*r - 364413. What is q(5)?
27
Let z(r) = -171*r + 1274. Calculate z(15).
-1291
Let a(p) = 5*p**2 - 41460*p + 1115795. Give a(27).
20
Let h(s) = -s**3 - 297*s**2 - 5220*s + 17225. Determine h(-278).
-11
Let f(o) = 23*o + 2096. Give f(-100).
-204
Let t(z) = 43414*z - 260479. Give t(6).
5
Let z(r) = -3*r**2 + 1043*r - 40554. Give z(303).
48
Let n(i) = -31*i**2 - 219*i - 12. Calculate n(-7).
2
Let u(a) = 15*a**3 + 123*a**2 + 46*a + 160. What is u(-8)?
-16
Let a(x) = -52*x**2 + 3329*x + 32. Give a(64).
96
Let s(x) = 25*x - 1254. Determine s(22).
-704
Let o(q) = -q**3 + 39*q**2 - 481*q + 18759. Give o(39).
0
Let i(v) = v**2 - 57*v - 10310. Determine i(-76).
-202
Let r(k) = 97*k**2 - 379*k + 376. Determine r(1).
94
Let m(d) = 7*d**2 - 2366*d + 4711. Give m(2).
7
Let l(x) = 3*x**2 + 4117*x - 108695. Calculate l(26).
375
Let o(k) = -k**2 - 11990*k + 156029. Determine o(13).
-10
Let z(w) = 208*w**2 - 1628*w - 138. Determine z(8).
150
Let f(q) = -3*q**3 + 4*q**2 - 1919*q - 5756. Give f(-3).
118
Let c(i) = 691*i + 82239. Give c(-118).
701
Let i(v) = 5482*v**2 + 27411*v - 10. Determine i(-5).
-15
Let l(j) = 8*j**3 + 2*j**2 + 65*j + 322. Calculate l(-4).
-418
Let c(h) = 9*h**3 - 6742*h - 13491. Calculate c(-2).
-79
Let c(k) = -13742*k - 41259. Give c(-3).
-33
Let q(k) = 5142*k - 313820. Give q(61).
-158
Let l(k) = -k**3 - 199*k**2 + 808*k - 795. What is l(-203)?
17
Let l(w) = -2*w**2 + 4259*w - 117684. Give l(28).
0
Let j(u) = -3*u**3 - 12*u**2 - u - 51. Determine j(-9).
1173
Let g(s) = 31*s**3 + 652*s**2 + 15*s - 110. Calculate g(-21).
16
Let u(f) = -19796*f + 9640633. Give u(487).
-19
Let i(a) = a**2 + 905*a + 37546. What is i(-44)?
-338
Let t(j) = j**3 + 30*j**2 - 38*j - 67. Calculate t(-32).
-899
Let v(h) = 117*h**2 + 507*h + 137. Determine v(-4).
-19
Let j(r) = 3*r**3 + 166*r**2 - 101*r + 404. Give j(-56).
-212
Let k(m) = -m**2 + 5558*m - 384193. What is k(70)?
-33
Let a(q) = -q**2 - 107620*q - 322851. Calculate a(-3).
0
Let v(w) = -2*w**2 + 51724*w - 2014191. What is v(39)?
3
Let v(a) = -31*a**2 - 12354*a + 12356. Give v(1).
-29
Let f(s) = -37*s - 2831. Calculate f(-31).
-1684
Let m(c) = -44642*c - 1071391. Determine m(-24).
17
Let d(b) = -5*b**2 - 250*b + 1937. Determine d(7).
-58
Let f(n) = 12*n**2 - 53*n + 72. Determine f(2).
14
Let y(l) = 695*l + 70676. Give y(-104).
-1604
Let g(v) = -v**2 - 225*v - 9138. Calculate g(-172).
-22
Let y(n) = 2*n**3 + 18*n**2 - 707*n - 465. What is y(14)?
-1347
Let u(a) = 4*a**2 + 10861*a + 32572. Determine u(-3).
25
Let o(l) = -7*l**2 + 13895*l + 139643. Determine o(-10).
-7
Let h(d) = -200590*d + 601765. Calculate h(3).
-5
Let a(i) = 2*i**3 + 108*i**2 + 125*i - 255. Give a(-53).
-1262
Let a(q) = 3*q**3 + 2260*q**2 - 25223*q - 3. What is a(11)?
-3
Let w(y) = -2*y**3 + 875*y**2 - 1348*y + 17380. Determine w(436).
-60
Let q(d) = -20*d**3 + 2877*d**2 + 477*d - 6483. Give q(144).
-3
Let b(f) = f**3 - 511*f**2 - 17272*f - 56470. Give b(543).
2
Let o(m) = -2*m**3 - 134*m**2 + 2080*m - 83. Determine o(-80).
-83
Let q(t) = t**2 + 2710*t + 612785. Calculate q(-249).
-4
Let w(q) = -q**2 + 119*q + 11567. What is w(-68)?
-1149
Let v(k) = -5211*k + 20840. Calculate v(4).
-4
Let a(v) = -37690*v - 942240. Give a(-25).
10
Let h(p) = -9133*p + 27382. Determine h(3).
-17
Let w(k) = -278*k**2 + 24464*k - 6. Determine w(88).
-6
Let z(o) = -o**2 + 1232*o - 332405. What is z(399)?
-38
Let v(y) = 2100*y - 2310. Determine v(1).
-210
Let q(o) = 3*o**2 + 40*o + 89. Determine q(-22).
661
Let t(b) = b**3 + 284*b**2 - 3025*b - 25081. What is t(-294)?
-91
Let t(p) = -p**2 + 963*p - 49932. Determine t(55).
8
Let c(w) = -w**3 + 19*w**2 - 52*w - 40. What is c(4)?
-8
Let w(z) = 2*z**3 + 14*z**2 + 99*z + 15. Determine w(-8).
-905
Let m(y) = 72088*y + 1730108. What is m(-24)?
-4
Let j(a) = -20*a**3 - 119*a**2 - 12*a - 13. Give j(-6).
95
Let d(w) = -w**3 + 4*w**2 - 6619*w + 38. Give d(0).
38
Let k(r) = 3833*r - 1188247. What is k(310)?
-17
Let t(v) = 17*v**2 + 969*v - 2037. What is t(-59)?
-31
Let h(u) = 20*u**2 - 5939*u - 594002. Determine h(-79).
-1
Let c(y) = -3*y**2 + 347*y + 760598. What is c(-449)?
-8
Let t(h) = 139*h + 3308. Calculate t(-28).
-584
Let u(z) = -z**3 - 44*z**2 + 511*z - 112. Give u(9).
194
Let u(d) = -16*d**2 + 5421*d - 4351. Give u(338).
43
Let o(z) = -z**3 + 64*z**2 - 1021*z + 60485. Give o(63).
131
Let v(x) = 7*x**3 - 72*x**2 - 248*x - 44. Calculate v(13).
-57
Let v(k) = -7*k**3 - 32*k**2 - 152*k + 10. Give v(-4).
554
Let c(t) = 9*t**2 - 1496*t + 1823. Calculate c(165).
8
Let o(x) = -2*x**3 - 46*x**2 - 169*x - 5235. Give o(-24).
-27
Let i(t) = 16*t**2 - 55*t - 548. Calculate i(-4).
-72
Let g(i) = -i**3 + 59*i**2 + 654*i - 54287. Calculate g(37).
29
Let s(z) = 6*z**2 + 326*z + 1825. Give s(-47).
-243
Let p(g) = 2*g**2 + 2427*g - 864867. What is p(288)?
-3
Let i(l) = -l**2 + 1327*l + 94875. Determine i(-68).
15
Let z(v) = -15*v**2 + 53*v + 60. What is z(-1)?
-8
Let s(f) = f**3 + 9*f**2 - 123*f - 1083. What is s